3*b + 1. Let z be i(3). Suppose z = 4*n - 18. List the prime factors of n/(7/10)*6.
2, 3, 5
Suppose -r = r + u - 17, 3*u + 9 = 0. Suppose y = 12 + r. What are the prime factors of y?
2, 11
Let a = -143 - -146. Suppose -3*d + 159 = h, -a*h - 3*d + 477 = -2*d. List the prime factors of h.
3, 53
Suppose 6*z = 7*z + 3. What are the prime factors of 187 - (-4 + 4 - z)?
2, 23
Let f be (250 - -9)/(2 + -1). Suppose -f = 5*a - 979. Suppose 3*h = -h + a. List the prime factors of h.
2, 3
Let x(s) = s**3 - 4*s**2 + 2*s - 1. Let d be x(4). What are the prime factors of (-75)/(-4)*(424/24 - d)?
2, 5
Let p be (-26)/(-10) - 2 - (-18)/(-5). Let h = p + 28. List the prime factors of h.
5
Suppose 15*o - 16*o = 940. List the prime factors of (-2)/6 + 2/((-24)/o).
2, 3, 13
Suppose 5*b - 5 = -5*d, -2*d - b + 22 = -4*b. Suppose -203 - 462 = -d*f. What are the prime factors of f?
7, 19
Let l(a) = -23*a + 563. What are the prime factors of l(-55)?
2, 457
Suppose 5*f - 4*q + 863 = 0, 2*q + 5 + 1 = 0. Let t = -18 - f. List the prime factors of t.
157
Let w be 0 - -63 - (5 + -9). Let c be -4 - (3 - (2 + w)). Suppose 3*f - c - 67 = 0. List the prime factors of f.
43
Suppose 5*m = 5*v + 340, 3*v - 65 = -m + 5*v. Suppose -3*i + 162 = -2*x, -3*i + 233 - m = x. What are the prime factors of i?
2, 3
Suppose -114*w + 127*w = 33007. List the prime factors of w.
2539
Suppose -30*q - 5310 = -40*q. List the prime factors of q.
3, 59
Suppose 0 = 2*w + 464 - 1646. What are the prime factors of w?
3, 197
Let n = 17 + -14. Let g be ((-8)/(-12))/(n/(-45)). Let i = 13 + g. List the prime factors of i.
3
Let l be 1/(0 - (-3)/6). Suppose -2*m - 54 = -5*j, j - m - l*m = 3. Let b = -10 + j. What are the prime factors of b?
2
Let t be -574*(-1)/3 - 20/(-30). Suppose 796 = 4*a + 5*r, -4*r = a - 18 - t. List the prime factors of a.
2, 97
Suppose 0 = -17*b + 15*b + 30. Suppose -60 = -a - b. What are the prime factors of a?
3, 5
Let d(s) = s**2 - 7*s - 7. Let u(c) be the first derivative of -c**3/3 - 8*c**2 - 4*c + 6. Let b be u(-15). List the prime factors of d(b).
37
Let o(w) = -11*w**3 + 2*w**2 - 3*w + 5. Suppose 0*d - 4*r + 4 = -4*d, d + 4*r - 14 = 0. Let j be o(d). Let t = 114 + j. What are the prime factors of t?
3, 11
Let h(k) = 2*k**2 - 6*k + 13. What are the prime factors of h(-6)?
11
Let x = 191 + -18. What are the prime factors of x?
173
Suppose -4*g = 2*g - 72. Suppose 0 = 3*y + k + g - 122, -2*y - 2*k = -76. What are the prime factors of y?
2, 3
Suppose -5*n + 7474 - 1734 = 0. List the prime factors of n.
2, 7, 41
Suppose 235*p = 245*p - 6610. What are the prime factors of p?
661
Let r(u) = 75*u + 8. List the prime factors of r(21).
1583
Let a = 29 + -27. What are the prime factors of 295/a + -7*1/(-14)?
2, 37
Suppose -18*g - 25*g + 64629 = 0. What are the prime factors of g?
3, 167
Suppose 4*g = 16, 5*g + 22 = -3*q - 24. Let o be (-462)/4 - 11/q. Let i = 161 + o. What are the prime factors of i?
2, 23
Let a = -30 - -34. Suppose 2*q + 3*z = q + 41, 0 = q - a*z - 62. List the prime factors of q.
2, 5
Suppose -57467 = -14*g - 16209. List the prime factors of g.
7, 421
Suppose 8*h - 3087 = 3545. List the prime factors of h.
829
Suppose 4*s + 3*s = -567. What are the prime factors of s/(-6) + (-4)/8?
13
Let u(r) = r + 5. Let q be (3 - 39/15)*10. List the prime factors of u(q).
3
Suppose 0 = z + z - 6. Suppose 6 = 3*t + 3*s - z, 47 = 4*t - 3*s. What are the prime factors of 1*t - (5 + -7)?
2, 5
Suppose x + 3*r = 3 - 13, 5*r + 26 = -4*x. Let y be (-54)/(-15) - x/10. Suppose j = y*a + 19, -2*j + a + 56 = -a. What are the prime factors of j?
31
Let q be 1 + -3 + (1 - -3). Let w be -4*q/(-4) - -2. Suppose -v + 3*s + 16 = 0, -5*v + 16 = -w*v - 4*s. What are the prime factors of v?
2
Let b = 318 - -2012. List the prime factors of b.
2, 5, 233
Let i(b) = b**2 - b + 11. Let h be -4*(-4 - (-15)/6). What are the prime factors of i(h)?
41
Suppose 5*l = l - 56. Let j = l - -12. Let b = j + 19. List the prime factors of b.
17
Let z(y) = 344*y**2 - 2*y + 4. What are the prime factors of z(1)?
2, 173
List the prime factors of ((-657)/(-6) + 0)/(4/96).
2, 3, 73
Let f be 440/(-6)*144/40. List the prime factors of (3 - f)/(2 - 1).
3, 89
Let q = -4644 - -7922. List the prime factors of q.
2, 11, 149
Let n(u) = -u**2 - 9*u - 8. Let y be n(-7). Let b(m) = -m**3 + 9*m**2 - 7*m - 6. What are the prime factors of b(y)?
2, 3, 5
Suppose -7*a = 47*a - 87534. List the prime factors of a.
1621
Suppose -18*s + 512 = -14*s. Let p = s + -76. Let w = p + -14. List the prime factors of w.
2, 19
What are the prime factors of 7311/12*-1*(1 - 5)?
2437
Let a = 85 + -75. Suppose -14*b = -a*b - 296. What are the prime factors of b?
2, 37
Let k(h) = 4*h**2 + 2*h - 2. Let j be k(-2). Suppose -j = -5*l + 5. What are the prime factors of (-4)/l*-15 + -2?
2, 3
Suppose 510 = -7*k + 2274. Suppose 0*z + 2*w + 79 = z, w = 3*z - k. List the prime factors of z.
5, 17
Let j = 27 - 37. List the prime factors of (-9)/(-45) - 808/j.
3
Suppose -15*d + 3*n - 3708 = -18*d, n + 1228 = d. What are the prime factors of d?
2, 7, 11
Let q(h) = 139*h + 2. Suppose 0 = -4*k + 4. List the prime factors of q(k).
3, 47
Suppose 0 = -3*s - 3*f + 165, -3*s = 4*f + f - 171. What are the prime factors of s?
2, 13
Suppose 54 + 75 = 3*k. Suppose 4*b - 71 = -t, 5*b = 2*t - k - 47. What are the prime factors of t?
5, 11
Let a(j) be the first derivative of 3 - 1/3*j**3 - 8*j**2 - 14*j. List the prime factors of a(-14).
2, 7
Let z(v) = 16*v**2 - 1. Let k be z(-1). Suppose -32 = -6*a - 92. Let o = k + a. What are the prime factors of o?
5
What are the prime factors of 12216/(-24)*((-8)/2 - -1)?
3, 509
Let z(n) = -n**3 - 7*n**2 + n + 7. Let r be z(-7). Let s be (-5 + r)*(8 - 9). Suppose -s*w + 69 = -61. What are the prime factors of w?
2, 13
Let h be (-75)/10*4/(-6). Let t be (2/(-5))/((-2)/80). Suppose 4*a + s = t, h*a + s - 23 = -4. What are the prime factors of a?
3
Let t(m) = 9*m + 8. Let c be t(-6). Let w be ((-2734)/(-30))/1 + (-186)/1395. Let p = c + w. List the prime factors of p.
3, 5
Suppose -3 = -3*n + 2*m - 2, -3*n = 5*m - 29. Let o be ((-16)/(-6))/(2/n). Suppose 38 = b + 3*b - d, o*d - 37 = -5*b. List the prime factors of b.
3
List the prime factors of ((-113274)/290)/(3/(-10)).
2, 3, 7, 31
Let r = 4812 - 2965. List the prime factors of r.
1847
Let t(h) = -6*h**3 - 2*h**2 - 4*h - 4. Let s be t(-3). Suppose 2*b - s = 6*b. What are the prime factors of (b/4)/((-2)/4)?
19
Let s(g) = -5*g + 31. Suppose -2*t + 4*m - 13 = -m, -5*t - 5*m - 120 = 0. What are the prime factors of s(t)?
2, 3, 7
Let w = -37 + 21. List the prime factors of (w/6)/((-4)/78).
2, 13
Let s = -23 - -39. Let f = 40 - s. What are the prime factors of 12/(-2 + 6) + f?
3
Let n = 0 + -30. Let s = -13 - n. What are the prime factors of s?
17
Suppose g - 3 = 4*p, 10 = 3*g + 5*p + 1. Let k(s) be the second derivative of s**4/12 + s**3/3 - 2*s + 7. What are the prime factors of k(g)?
3, 5
Suppose 10 = -4*s - f, -5*s - 17 = -0*s - f. Let x(i) = -i**2 - 6*i - 5. List the prime factors of x(s).
2
Suppose -3*r + c - 2*c + 82 = 0, 0 = 4*r - 3*c - 92. Suppose -g + r + 13 = 0. Suppose -2*y + g + 5 = 0. List the prime factors of y.
2, 11
Let f = -84 + 102. What are the prime factors of ((-27)/f)/((-6)/68)?
17
Suppose -6*l + 42 = l. Let s(w) = 3*w**2 + 6*w - 26. What are the prime factors of s(l)?
2, 59
Let k be 0/(-3 + (-20)/(-4)). Suppose k = -q + 5 + 1. What are the prime factors of (-4)/q - (-195)/9?
3, 7
Let r(n) = 4*n**2 - n - 4. Suppose -4*u + 21 = 9. What are the prime factors of r(u)?
29
Let v = 14 + -11. Suppose -v*r + 5*q - 40 = -6*r, 3*r + 3*q - 30 = 0. Suppose 5*k = -4*o + 142, r*o + 160 = 4*k + k. What are the prime factors of k?
2, 3, 5
Suppose -59 = -5*l + 3*d + d, -3*l + d + 34 = 0. Suppose 4*i + 12 = 4*o, 3*i - 4*o + 3 = -l. What are the prime factors of i?
2
Suppose -4*i = -12, 846 = f - 2*i + 170. List the prime factors of f.
2, 11, 31
Let x = 72 + -50. Let h = 25 - x. Suppose -426 = h*z - 9*z. What are the prime factors of z?
71
Suppose 5*z + 1 = b, z + z = -4*b + 4. Suppose -2*p + b + 7 = 0. Suppose m = 4*s - 112, -p*s + 5*s + 4*m = 45. List the prime factors of s.
29
Let f be ((-6)/(-12))/((-2)/(-8)). Let y be (-6)/((-2)/4 + f). What are the prime factors of (2/y)/(3/(-66))?
11
L